{"id":374,"date":"2022-03-22T09:52:53","date_gmt":"2022-03-22T07:52:53","guid":{"rendered":"https:\/\/utenosvic.lt\/?post_type=events&#038;p=374"},"modified":"2022-03-29T10:19:50","modified_gmt":"2022-03-29T08:19:50","slug":"374","status":"publish","type":"events","link":"https:\/\/utenosvic.lt\/en\/events\/374\/","title":{"rendered":"Pagalba smulkiajam verslui: paramos galimyb\u0117s pradedantiesiems verslininkams Utenoje"},"content":{"rendered":"\n<p>Baland\u017eio 7 d. 14 val. Utenos bendradarbyst\u0117s centras \u201eSpie\u010dius\u201c organizuoja gyv\u0105 rengin\u012f, kurio metu verslo konsultantas Paulius \u010cyvas supa\u017eindins mokym\u0173 dalyvius su Utenos rajono smulkaus ir vidutinio verslo paramos programos galimyb\u0117mis Utenoje!<img loading=\"lazy\" decoding=\"async\" height=\"16\" width=\"16\" alt=\"?\" src=\"https:\/\/static.xx.fbcdn.net\/images\/emoji.php\/v9\/t7b\/1\/16\/1f44c.png\">&nbsp;Susipa\u017einsite su programos apra\u0161u<br><img loading=\"lazy\" decoding=\"async\" height=\"16\" width=\"16\" alt=\"?\" src=\"https:\/\/static.xx.fbcdn.net\/images\/emoji.php\/v9\/t7b\/1\/16\/1f44c.png\">&nbsp;Su\u017einosite, koki\u0173 i\u0161laid\u0173 kompensavimo galima tik\u0117tis bei kokie verslai gali pretenduoti paramai gauti.<img loading=\"lazy\" decoding=\"async\" height=\"16\" width=\"16\" alt=\"?\u200d?\" src=\"https:\/\/static.xx.fbcdn.net\/images\/emoji.php\/v9\/tdf\/1\/16\/1f468_200d_1f527.png\">Dalyvi\u0173 laukia ir praktin\u0117s u\u017eduotys: su\u017einosite, kaip tinkamai u\u017epildyti parai\u0161k\u0105, susipa\u017einsite su da\u017eniausiai daromomis klaidomis.<img loading=\"lazy\" decoding=\"async\" height=\"16\" width=\"16\" alt=\"?\" src=\"https:\/\/static.xx.fbcdn.net\/images\/emoji.php\/v9\/tac\/1\/16\/1f4cc.png\">&nbsp;Renginio vieta: Utenos bendradarbyst\u0117s centras \u201eSpie\u010dius&#8221; , Au\u0161ros gatv\u0117 47, Utena.<img loading=\"lazy\" decoding=\"async\" height=\"16\" width=\"16\" alt=\"\u270d\ufe0f\" src=\"https:\/\/static.xx.fbcdn.net\/images\/emoji.php\/v9\/te2\/1\/16\/270d.png\">&nbsp;Privaloma i\u0161ankstin\u0117 registracija:&nbsp;<a href=\"https:\/\/bit.ly\/3qlntyP?fbclid=IwAR0zkIM9zbs4LphnBNaZJ2nH4YmmyKxA0v2Pl0umOluImhjtDAH54983CLE\" rel=\"noreferrer noopener\" target=\"_blank\">https:\/\/bit.ly\/3qlntyP<\/a><\/p>\n","protected":false},"template":"","class_list":["post-374","events","type-events","status-publish","hentry"],"acf":[],"_links":{"self":[{"href":"https:\/\/utenosvic.lt\/en\/wp-json\/wp\/v2\/events\/374","targetHints":{"allow":["GET"]}}],"collection":[{"href":"https:\/\/utenosvic.lt\/en\/wp-json\/wp\/v2\/events"}],"about":[{"href":"https:\/\/utenosvic.lt\/en\/wp-json\/wp\/v2\/types\/events"}],"wp:attachment":[{"href":"https:\/\/utenosvic.lt\/en\/wp-json\/wp\/v2\/media?parent=374"}],"curies":[{"name":"wp","href":"https:\/\/api.w.org\/{rel}","templated":true}]}}

Pagalba smulkiajam verslui: paramos galimybės pradedantiesiems verslininkams Utenoje

<p>Balandžio 7 d. 14 val. Utenos bendradarbystės centras „Spiečius“ organizuoja gyvą renginį, kurio metu verslo konsultantas Paulius Čyvas supažindins mokymų dalyvius su Utenos rajono smulkaus ir vidutinio verslo paramos programos galimybėmis Utenoje!<img loading="lazy" decoding="async" height="16" width="16" alt="?" src="https://static.xx.fbcdn.net/images/emoji.php/v9/t7b/1/16/1f44c.png">&nbsp;Susipažinsite su programos aprašu<br><img loading="lazy" decoding="async" height="16" width="16" alt="?" src="https://static.xx.fbcdn.net/images/emoji.php/v9/t7b/1/16/1f44c.png">&nbsp;Sužinosite, kokių išlaidų kompensavimo galima tikėtis bei kokie verslai gali pretenduoti paramai gauti.<img loading="lazy" decoding="async" height="16" width="16" alt="?‍?" src="https://static.xx.fbcdn.net/images/emoji.php/v9/tdf/1/16/1f468_200d_1f527.png">Dalyvių laukia ir praktinės užduotys: sužinosite, kaip tinkamai užpildyti paraišką, susipažinsite su dažniausiai daromomis klaidomis.<img loading="lazy" decoding="async" height="16" width="16" alt="?" src="https://static.xx.fbcdn.net/images/emoji.php/v9/tac/1/16/1f4cc.png">&nbsp;Renginio vieta: Utenos bendradarbystės centras „Spiečius&#8221; , Aušros gatvė 47, Utena.<img loading="lazy" decoding="async" height="16" width="16" alt="✍️" src="https://static.xx.fbcdn.net/images/emoji.php/v9/te2/1/16/270d.png">&nbsp;Privaloma išankstinė registracija:&nbsp;<a href="https://bit.ly/3qlntyP?fbclid=IwAR0zkIM9zbs4LphnBNaZJ2nH4YmmyKxA0v2Pl0umOluImhjtDAH54983CLE" rel="noreferrer noopener" target="_blank">https://bit.ly/3qlntyP</a></p>
